{"id":28,"date":"2021-01-21T19:48:28","date_gmt":"2021-01-21T18:48:28","guid":{"rendered":"https:\/\/sobatim-evolution.fr\/?page_id=28"},"modified":"2022-01-12T15:54:26","modified_gmt":"2022-01-12T14:54:26","slug":"presentation","status":"publish","type":"page","link":"https:\/\/sobatim-evolution.fr\/?page_id=28","title":{"rendered":"PR\u00c9SENTATION"},"content":{"rendered":"\n<h2>\n\t\tPR\u00c9SENTATION\n\t<\/h2>\n\t\t\t\t\t\t\t\t\t\t<img src=\"https:\/\/sobatim-evolution.fr\/wp-content\/uploads\/2021\/03\/IMG_1165.jpg\" alt=\"IMG_1165\" itemprop=\"image\"  \/>\n<h3>\n\t\tSOBATIM \u00c9VOLUTION C&rsquo;EST :\n\t<\/h3>\n\t<ul>\n<li>25 compagnons sur le terrain<\/li>\n<li>2 conducteurs de travaux<\/li>\n<li>1 charg\u00e9 d&rsquo;affaire<\/li>\n<li>1 comptable<\/li>\n<li>2 assistantes<\/li>\n<li>1 bureau d&rsquo;\u00e9tude<\/li>\n<\/ul>\n\n<h3>\n\t\tAVEC 6000 M\u00b2 D&rsquo;\u00c9CHAFAUDAGES AINSI QUE 8 MACHINES \u00c0 PROJETER, NOUS EFFECTUONS TOUT TYPE DE TRAVAUX :\n\t<\/h3>\n\t<ul>\n<li>Ravalement projet\u00e9 et matric\u00e9<\/li>\n<li>Isolation thermique par ext\u00e9rieur<\/li>\n<li>Pose de plaquette de terre cuite<\/li>\n<li>Pose de Pierre coll\u00e9e<\/li>\n<li>Peinture et Lasure<\/li>\n<li>Pose de bardage bois<\/li>\n<\/ul>\n\t\t\t\t\t\t\t\t\t\t<img src=\"https:\/\/sobatim-evolution.fr\/wp-content\/uploads\/2022\/01\/IMG_4814-1.jpg\" alt=\"IMG_4814\" itemprop=\"image\"  \/>\n<h2>\n\t\tNOS PARTENAIRES\n\t<\/h2>\n\t<p>Avec une client\u00e8le compos\u00e9e de promoteurs immobiliers ainsi que d&rsquo;entreprises g\u00e9n\u00e9rales, nous travaillons principalement avec Weber et Broutin, PRB, Parex Lanko, Unikalo, Terca, Feldhaus Klinker et bien d&rsquo;autres encore&#8230; \u00bb<\/p>\n\t\t\t\t<a\n\t\t\thref=\"https:\/\/sobatim-evolution.fr\/wp-content\/uploads\/2021\/03\/1-Weber.png\"\n\t\t\t\t\t\tdata-fancybox=\"images\" \n\t\t\ttitle=\"1 Weber\" \n\t\t\t\t\t\tdata-caption=\"\"\n\t\t\t\t\t\tdata-description=\"\" \n\t\t\titemprop=\"contentUrl\">\n\t\t<img src=\"https:\/\/sobatim-evolution.fr\/wp-content\/uploads\/2021\/03\/1-Weber-300x124.png\" alt=\"\" data-no-lazy=\"1\" itemprop=\"thumbnail\" \/>\n\t\t\t<!-- Overlay Wrapper -->\n\t\t\t <!-- Overlay Wrapper Closed -->\n\t\t\t\t<\/a>\n\t\t\t\t\t\t\t<meta itemprop=\"width\" content=\"300\" \/>\n\t\t\t<meta itemprop=\"height\" content=\"124\" \/>\n\t\t\t\t<a\n\t\t\thref=\"https:\/\/sobatim-evolution.fr\/wp-content\/uploads\/2021\/03\/1-PLV.jpg\"\n\t\t\t\t\t\tdata-fancybox=\"images\" \n\t\t\ttitle=\"1 PLV\" \n\t\t\t\t\t\tdata-caption=\"\"\n\t\t\t\t\t\tdata-description=\"\" \n\t\t\titemprop=\"contentUrl\">\n\t\t<img src=\"https:\/\/sobatim-evolution.fr\/wp-content\/uploads\/2021\/03\/1-PLV-300x141.jpg\" alt=\"\" data-no-lazy=\"1\" itemprop=\"thumbnail\" \/>\n\t\t\t<!-- Overlay Wrapper -->\n\t\t\t <!-- Overlay Wrapper Closed -->\n\t\t\t\t<\/a>\n\t\t\t\t\t\t\t<meta itemprop=\"width\" content=\"300\" \/>\n\t\t\t<meta itemprop=\"height\" content=\"141\" \/>\n\t\t\t\t<a\n\t\t\thref=\"https:\/\/sobatim-evolution.fr\/wp-content\/uploads\/2021\/03\/1-PRB.png\"\n\t\t\t\t\t\tdata-fancybox=\"images\" \n\t\t\ttitle=\"1 PRB\" \n\t\t\t\t\t\tdata-caption=\"\"\n\t\t\t\t\t\tdata-description=\"\" \n\t\t\titemprop=\"contentUrl\">\n\t\t<img src=\"https:\/\/sobatim-evolution.fr\/wp-content\/uploads\/2021\/03\/1-PRB.png\" alt=\"\" data-no-lazy=\"1\" itemprop=\"thumbnail\" \/>\n\t\t\t<!-- Overlay Wrapper -->\n\t\t\t <!-- Overlay Wrapper Closed -->\n\t\t\t\t<\/a>\n\t\t\t\t\t\t\t<meta itemprop=\"width\" content=\"242\" \/>\n\t\t\t<meta itemprop=\"height\" content=\"209\" \/>\n\t\t\t\t<a\n\t\t\thref=\"https:\/\/sobatim-evolution.fr\/wp-content\/uploads\/2021\/03\/1-Unikalo.jpg\"\n\t\t\t\t\t\tdata-fancybox=\"images\" \n\t\t\ttitle=\"1 Unikalo\" \n\t\t\t\t\t\tdata-caption=\"\"\n\t\t\t\t\t\tdata-description=\"\" \n\t\t\titemprop=\"contentUrl\">\n\t\t<img src=\"https:\/\/sobatim-evolution.fr\/wp-content\/uploads\/2021\/03\/1-Unikalo.jpg\" alt=\"\" data-no-lazy=\"1\" itemprop=\"thumbnail\" \/>\n\t\t\t<!-- Overlay Wrapper -->\n\t\t\t <!-- Overlay Wrapper Closed -->\n\t\t\t\t<\/a>\n\t\t\t\t\t\t\t<meta itemprop=\"width\" content=\"275\" \/>\n\t\t\t<meta itemprop=\"height\" content=\"183\" \/>\n\t\t\t\t<a\n\t\t\thref=\"https:\/\/sobatim-evolution.fr\/wp-content\/uploads\/2021\/03\/1-Parexlanko.png\"\n\t\t\t\t\t\tdata-fancybox=\"images\" \n\t\t\ttitle=\"1 Parexlanko\" \n\t\t\t\t\t\tdata-caption=\"\"\n\t\t\t\t\t\tdata-description=\"\" \n\t\t\titemprop=\"contentUrl\">\n\t\t<img src=\"https:\/\/sobatim-evolution.fr\/wp-content\/uploads\/2021\/03\/1-Parexlanko-300x75.png\" alt=\"\" data-no-lazy=\"1\" itemprop=\"thumbnail\" \/>\n\t\t\t<!-- Overlay Wrapper -->\n\t\t\t <!-- Overlay Wrapper Closed -->\n\t\t\t\t<\/a>\n\t\t\t\t\t\t\t<meta itemprop=\"width\" content=\"300\" \/>\n\t\t\t<meta itemprop=\"height\" content=\"75\" \/>\n\t\t\t\t<a\n\t\t\thref=\"https:\/\/sobatim-evolution.fr\/wp-content\/uploads\/2021\/03\/2-feldhaus.png\"\n\t\t\t\t\t\tdata-fancybox=\"images\" \n\t\t\ttitle=\"2 feldhaus\" \n\t\t\t\t\t\tdata-caption=\"\"\n\t\t\t\t\t\tdata-description=\"\" \n\t\t\titemprop=\"contentUrl\">\n\t\t<img src=\"https:\/\/sobatim-evolution.fr\/wp-content\/uploads\/2021\/03\/2-feldhaus-300x122.png\" alt=\"\" data-no-lazy=\"1\" itemprop=\"thumbnail\" \/>\n\t\t\t<!-- Overlay Wrapper -->\n\t\t\t <!-- Overlay Wrapper Closed -->\n\t\t\t\t<\/a>\n\t\t\t\t\t\t\t<meta itemprop=\"width\" content=\"300\" \/>\n\t\t\t<meta itemprop=\"height\" content=\"122\" \/>\n\t\t\t\t<a\n\t\t\thref=\"https:\/\/sobatim-evolution.fr\/wp-content\/uploads\/2021\/03\/2-Point-P.png\"\n\t\t\t\t\t\tdata-fancybox=\"images\" \n\t\t\ttitle=\"2 Point P\" \n\t\t\t\t\t\tdata-caption=\"\"\n\t\t\t\t\t\tdata-description=\"\" \n\t\t\titemprop=\"contentUrl\">\n\t\t<img src=\"https:\/\/sobatim-evolution.fr\/wp-content\/uploads\/2021\/03\/2-Point-P.png\" alt=\"\" data-no-lazy=\"1\" itemprop=\"thumbnail\" \/>\n\t\t\t<!-- Overlay Wrapper -->\n\t\t\t <!-- Overlay Wrapper Closed -->\n\t\t\t\t<\/a>\n\t\t\t\t\t\t\t<meta itemprop=\"width\" content=\"284\" \/>\n\t\t\t<meta itemprop=\"height\" content=\"177\" \/>\n\t\t\t\t<a\n\t\t\thref=\"https:\/\/sobatim-evolution.fr\/wp-content\/uploads\/2021\/03\/2-Orsol.jpg\"\n\t\t\t\t\t\tdata-fancybox=\"images\" \n\t\t\ttitle=\"2 Orsol\" \n\t\t\t\t\t\tdata-caption=\"\"\n\t\t\t\t\t\tdata-description=\"\" \n\t\t\titemprop=\"contentUrl\">\n\t\t<img src=\"https:\/\/sobatim-evolution.fr\/wp-content\/uploads\/2021\/03\/2-Orsol-300x93.jpg\" alt=\"\" data-no-lazy=\"1\" itemprop=\"thumbnail\" \/>\n\t\t\t<!-- Overlay Wrapper -->\n\t\t\t <!-- Overlay Wrapper Closed -->\n\t\t\t\t<\/a>\n\t\t\t\t\t\t\t<meta itemprop=\"width\" content=\"300\" \/>\n\t\t\t<meta itemprop=\"height\" content=\"93\" \/>\n\t\t\t\t<a\n\t\t\thref=\"https:\/\/sobatim-evolution.fr\/wp-content\/uploads\/2021\/03\/2-Reseau-Pro.jpg\"\n\t\t\t\t\t\tdata-fancybox=\"images\" \n\t\t\ttitle=\"2 Reseau Pro\" \n\t\t\t\t\t\tdata-caption=\"\"\n\t\t\t\t\t\tdata-description=\"\" \n\t\t\titemprop=\"contentUrl\">\n\t\t<img src=\"https:\/\/sobatim-evolution.fr\/wp-content\/uploads\/2021\/03\/2-Reseau-Pro-300x106.jpg\" alt=\"\" data-no-lazy=\"1\" itemprop=\"thumbnail\" \/>\n\t\t\t<!-- Overlay Wrapper -->\n\t\t\t <!-- Overlay Wrapper Closed -->\n\t\t\t\t<\/a>\n\t\t\t\t\t\t\t<meta itemprop=\"width\" content=\"300\" \/>\n\t\t\t<meta itemprop=\"height\" content=\"106\" \/>\n\t\t\t\t<a\n\t\t\thref=\"https:\/\/sobatim-evolution.fr\/wp-content\/uploads\/2021\/03\/2-Terca.png\"\n\t\t\t\t\t\tdata-fancybox=\"images\" \n\t\t\ttitle=\"2 Terca\" \n\t\t\t\t\t\tdata-caption=\"\"\n\t\t\t\t\t\tdata-description=\"\" \n\t\t\titemprop=\"contentUrl\">\n\t\t<img src=\"https:\/\/sobatim-evolution.fr\/wp-content\/uploads\/2021\/03\/2-Terca-300x152.png\" alt=\"\" data-no-lazy=\"1\" itemprop=\"thumbnail\" \/>\n\t\t\t<!-- Overlay Wrapper -->\n\t\t\t <!-- Overlay Wrapper Closed -->\n\t\t\t\t<\/a>\n\t\t\t\t\t\t\t<meta itemprop=\"width\" content=\"300\" \/>\n\t\t\t<meta itemprop=\"height\" content=\"152\" \/>\n\t\t\t\t<a\n\t\t\thref=\"https:\/\/sobatim-evolution.fr\/wp-content\/uploads\/2021\/03\/2-Terreal.png\"\n\t\t\t\t\t\tdata-fancybox=\"images\" \n\t\t\ttitle=\"2 Terreal\" \n\t\t\t\t\t\tdata-caption=\"\"\n\t\t\t\t\t\tdata-description=\"\" \n\t\t\titemprop=\"contentUrl\">\n\t\t<img src=\"https:\/\/sobatim-evolution.fr\/wp-content\/uploads\/2021\/03\/2-Terreal-300x157.png\" alt=\"\" data-no-lazy=\"1\" itemprop=\"thumbnail\" \/>\n\t\t\t<!-- Overlay Wrapper -->\n\t\t\t <!-- Overlay Wrapper Closed -->\n\t\t\t\t<\/a>\n\t\t\t\t\t\t\t<meta itemprop=\"width\" content=\"300\" \/>\n\t\t\t<meta itemprop=\"height\" content=\"157\" \/>\n\t\t\t\t<a\n\t\t\thref=\"https:\/\/sobatim-evolution.fr\/wp-content\/uploads\/2021\/03\/3-Drouaire.jpg\"\n\t\t\t\t\t\tdata-fancybox=\"images\" \n\t\t\ttitle=\"3 Drouaire\" \n\t\t\t\t\t\tdata-caption=\"\"\n\t\t\t\t\t\tdata-description=\"\" \n\t\t\titemprop=\"contentUrl\">\n\t\t<img src=\"https:\/\/sobatim-evolution.fr\/wp-content\/uploads\/2021\/03\/3-Drouaire.jpg\" alt=\"\" data-no-lazy=\"1\" itemprop=\"thumbnail\" \/>\n\t\t\t<!-- Overlay Wrapper -->\n\t\t\t <!-- Overlay Wrapper Closed -->\n\t\t\t\t<\/a>\n\t\t\t\t\t\t\t<meta itemprop=\"width\" content=\"200\" \/>\n\t\t\t<meta itemprop=\"height\" content=\"200\" \/>\n\t\t\t\t<a\n\t\t\thref=\"https:\/\/sobatim-evolution.fr\/wp-content\/uploads\/2021\/03\/3-Trespa.jpg\"\n\t\t\t\t\t\tdata-fancybox=\"images\" \n\t\t\ttitle=\"3 Trespa\" \n\t\t\t\t\t\tdata-caption=\"\"\n\t\t\t\t\t\tdata-description=\"\" \n\t\t\titemprop=\"contentUrl\">\n\t\t<img src=\"https:\/\/sobatim-evolution.fr\/wp-content\/uploads\/2021\/03\/3-Trespa-300x110.jpg\" alt=\"\" data-no-lazy=\"1\" itemprop=\"thumbnail\" \/>\n\t\t\t<!-- Overlay Wrapper -->\n\t\t\t <!-- Overlay Wrapper Closed -->\n\t\t\t\t<\/a>\n\t\t\t\t\t\t\t<meta itemprop=\"width\" content=\"300\" \/>\n\t\t\t<meta itemprop=\"height\" content=\"110\" \/>\n\t\t\t\t<a\n\t\t\thref=\"https:\/\/sobatim-evolution.fr\/wp-content\/uploads\/2022\/01\/20160705_151727-comat_logo.jpg\"\n\t\t\t\t\t\tdata-fancybox=\"images\" \n\t\t\ttitle=\"20160705_151727-comat_logo\" \n\t\t\t\t\t\tdata-caption=\"\"\n\t\t\t\t\t\tdata-description=\"\" \n\t\t\titemprop=\"contentUrl\">\n\t\t<img src=\"https:\/\/sobatim-evolution.fr\/wp-content\/uploads\/2022\/01\/20160705_151727-comat_logo-300x300.jpg\" alt=\"\" data-no-lazy=\"1\" itemprop=\"thumbnail\" \/>\n\t\t\t<!-- Overlay Wrapper -->\n\t\t\t <!-- Overlay Wrapper Closed -->\n\t\t\t\t<\/a>\n\t\t\t\t\t\t\t<meta itemprop=\"width\" content=\"300\" \/>\n\t\t\t<meta itemprop=\"height\" content=\"300\" \/>\n\t\t\t\t<a\n\t\t\thref=\"https:\/\/sobatim-evolution.fr\/wp-content\/uploads\/2022\/01\/pro.png\"\n\t\t\t\t\t\tdata-fancybox=\"images\" \n\t\t\ttitle=\"pro\" \n\t\t\t\t\t\tdata-caption=\"\"\n\t\t\t\t\t\tdata-description=\"\" \n\t\t\titemprop=\"contentUrl\">\n\t\t<img src=\"https:\/\/sobatim-evolution.fr\/wp-content\/uploads\/2022\/01\/pro-300x300.png\" alt=\"\" data-no-lazy=\"1\" itemprop=\"thumbnail\" \/>\n\t\t\t<!-- Overlay Wrapper -->\n\t\t\t <!-- Overlay Wrapper Closed -->\n\t\t\t\t<\/a>\n\t\t\t\t\t\t\t<meta itemprop=\"width\" content=\"300\" \/>\n\t\t\t<meta itemprop=\"height\" content=\"300\" \/>\n\t\t\t<a href=\"https:\/\/sobatim-evolution.fr\/?page_id=32\" target=\"_self\" role=\"button\" rel=\"noopener\">\n\t\t\t\t\t\t\tPARLONS DE VOS PROJETS\n\t\t\t\t\t<\/a>\n\n","protected":false},"excerpt":{"rendered":"<p>PR\u00c9SENTATION SOBATIM \u00c9VOLUTION C&rsquo;EST : 25 compagnons sur le terrain 2 conducteurs de travaux 1 charg\u00e9 d&rsquo;affaire 1 comptable 2 assistantes 1 bureau d&rsquo;\u00e9tude AVEC 6000 M\u00b2 D&rsquo;\u00c9CHAFAUDAGES AINSI QUE 8 MACHINES \u00c0 PROJETER, NOUS EFFECTUONS TOUT TYPE DE TRAVAUX : Ravalement projet\u00e9 et matric\u00e9 Isolation thermique par ext\u00e9rieur Pose de plaquette de terre cuite &hellip;<\/p>\n<p class=\"read-more\"> <a class=\"\" href=\"https:\/\/sobatim-evolution.fr\/?page_id=28\"> <span class=\"screen-reader-text\">PR\u00c9SENTATION<\/span> Lire la suite\u00a0\u00bb<\/a><\/p>\n","protected":false},"author":1,"featured_media":0,"parent":0,"menu_order":0,"comment_status":"closed","ping_status":"closed","template":"","meta":[],"_links":{"self":[{"href":"https:\/\/sobatim-evolution.fr\/index.php?rest_route=\/wp\/v2\/pages\/28"}],"collection":[{"href":"https:\/\/sobatim-evolution.fr\/index.php?rest_route=\/wp\/v2\/pages"}],"about":[{"href":"https:\/\/sobatim-evolution.fr\/index.php?rest_route=\/wp\/v2\/types\/page"}],"author":[{"embeddable":true,"href":"https:\/\/sobatim-evolution.fr\/index.php?rest_route=\/wp\/v2\/users\/1"}],"replies":[{"embeddable":true,"href":"https:\/\/sobatim-evolution.fr\/index.php?rest_route=%2Fwp%2Fv2%2Fcomments&post=28"}],"version-history":[{"count":21,"href":"https:\/\/sobatim-evolution.fr\/index.php?rest_route=\/wp\/v2\/pages\/28\/revisions"}],"predecessor-version":[{"id":287,"href":"https:\/\/sobatim-evolution.fr\/index.php?rest_route=\/wp\/v2\/pages\/28\/revisions\/287"}],"wp:attachment":[{"href":"https:\/\/sobatim-evolution.fr\/index.php?rest_route=%2Fwp%2Fv2%2Fmedia&parent=28"}],"curies":[{"name":"wp","href":"https:\/\/api.w.org\/{rel}","templated":true}]}}